, 0 = 4*w + o - 32. List the prime factors of w.
7
Let f = 21 + -18. List the prime factors of f.
3
Let h(n) = n**2 - 8*n + 10. Let s be h(8). Let p be (-3)/(-5) - (-4)/s. What are the prime factors of 18/(p*(3 + -1))?
3
Let r be 72/5*20/6. Suppose 2*y = 3*l + l + r, 2*y = 3*l + 47. List the prime factors of y*(-1 - (-3)/2).
11
Suppose 2*m + 11 = 5*c + 69, -4*m - 4*c = -144. Let x = -19 + m. List the prime factors of x.
3, 5
Let l(v) = -2*v**3 - 8*v**2 - 4*v - 6. Let b = 8 + -13. Let n be l(b). Suppose 16 = -3*q + n. List the prime factors of q.
2
List the prime factors of (-68)/(-8) - -1 - (-12)/(-8).
2
Let o be (0 - 2) + 5 + 1. Suppose o*b - 38 = 2*b. List the prime factors of b.
19
Let r(a) = a**3 - 8*a**2 + 7*a - 3. Let j be r(7). List the prime factors of 109/4 + j/(-4).
2, 7
Let z = 9 + 96. Suppose 7*g - 2*g = z. What are the prime factors of g?
3, 7
Let f = -22 - -13. Let z(b) = b**2 + 8*b - 3. What are the prime factors of z(f)?
2, 3
Let a = 9 + -4. What are the prime factors of 133/a - (-14)/35?
3
What are the prime factors of 15/(-2)*72/(-20)?
3
Suppose -6*x - 111 = -9*x. List the prime factors of x.
37
Suppose -5*p - 29 = -2*v + 1, -4*v = -3*p - 32. Suppose 4 = 3*o - v. Suppose l - 12 = -o*l. What are the prime factors of l?
3
Let i = 8 + -11. Let c = 30 + i. What are the prime factors of c?
3
What are the prime factors of (66 + 1)/(9/2 + -4)?
2, 67
Let h(z) = -z**3 + z + 1. Suppose 0*d = d. Let v be h(d). What are the prime factors of -2 + (13 - (1 + v))?
3
Let p be (6 - 1)*(-1 - -2). Let q = 22 - p. List the prime factors of q.
17
Suppose 4*p = -0*p + 8. Suppose 3*z - p*z = 4*o + 4, 2*z = 2*o + 8. Suppose -5*s - 2*j + 38 = 0, 5*j = 4*s + z*j - 20. What are the prime factors of s?
2, 3
Let w(g) = g**3 + 3*g**2 - 4*g - 4. Let u be w(-4). Let f = 12 + u. Suppose -8 - f = -2*t. List the prime factors of t.
2
Suppose 5*b - x - 32 = 33, -85 = -5*b + 5*x. Suppose -j = -3 - b. What are the prime factors of j?
3, 5
Suppose 314 = 4*j - 2*n, n + 532 = 4*j + 217. Suppose -h - t + 56 = 2*h, -4*h = -3*t - j. List the prime factors of h.
19
Let w(m) be the third derivative of -m**4/24 - m**3/3 - m**2. Let n be w(-5). Let t(l) = 2*l**2 - 5*l + 4. List the prime factors of t(n).
7
Suppose -2*h = 25 - 93. Suppose 6 = 5*p - h. Let n = 13 - p. What are the prime factors of n?
5
Suppose 1 = 6*s - 5. Suppose -2 = -0*w - w. Let b = s + w. What are the prime factors of b?
3
Suppose -3*k - 200 = -v, -4*k + 2*v - 3*v - 255 = 0. Let d = k + 101. Suppose 4*r = 12 + d. List the prime factors of r.
2, 3
Suppose 712 - 176 = 8*w. List the prime factors of w.
67
Let g(u) = 2*u**2 + u - 3. Let p(w) = -5*w**2 - 3*w + 8. Let j(d) = 11*g(d) + 4*p(d). List the prime factors of j(-1).
2
Let m be (3/2)/(21/350). Let h = -15 + m. List the prime factors of h.
2, 5
Let q(j) = -23 + 29 + 0*j + 0*j - j. What are the prime factors of q(-5)?
11
Suppose -3*u + 5*w + 37 = 0, -u - w - w - 6 = 0. List the prime factors of 1 - -14 - (u + -4).
3, 5
Let f(c) = 6*c**2 - c. Let n be f(1). Let b be n/(-2) - (-2)/4. List the prime factors of b/((-4)/10) + 0.
5
Let x(p) = 2*p**3 - 7*p**2 + 5*p. Let r be x(5). Suppose -4*z = z - r. What are the prime factors of z?
2, 5
Let m(j) = j**2 - 2*j - 12. Let q be m(5). Let s(a) = 4*a - 5. Let n(c) = c - 1. Let o(i) = 6*n(i) - s(i). What are the prime factors of o(q)?
5
Let p be 9/36 - 7/(-4). Let l be (4*3/(-6))/p. What are the prime factors of ((-9)/(-2) - l)*2?
11
Suppose f - 4*f + 126 = 0. List the prime factors of f.
2, 3, 7
Suppose 0 = 5*h - 24 - 1. Suppose -3*c = -h*c + 6. List the prime factors of (20/(-15))/((-1)/c).
2
Let f = 5 - 13. List the prime factors of (f/(-5))/(4/40).
2
Let q(v) = 21*v - 6. List the prime factors of q(3).
3, 19
Suppose -t + 13 = -2*o, 2*t + 5*o = -0*t + 8. Suppose -3*z = -t - 30. Let y = z + 5. List the prime factors of y.
2, 3
Let g be 1 - (2 + 1) - -8. Let q be ((-32)/6)/(g/(-27)). Suppose -28 = -4*b + q. What are the prime factors of b?
13
Let t be 1/(3 - (-129)/(-42)). Let r = t - -23. List the prime factors of r.
3
Let i be (-51)/15 + (-4)/(-10). List the prime factors of i*1/((-12)/28).
7
List the prime factors of (-66)/8*(-132)/9.
11
What are the prime factors of (-2580)/45*(-6)/4?
2, 43
Let f(b) = 2*b - 10. Let o be (-9)/(-4) - (-2)/(-8). Suppose 2*p - 7 = -3*c + 6*c, 5*c + 1 = o*p. What are the prime factors of f(p)?
2, 3
Suppose 9*h = 14*h - 135. What are the prime factors of h?
3
Let a(v) = -6*v - 32. List the prime factors of a(-10).
2, 7
Suppose -4*d + 11*d - 2534 = 0. What are the prime factors of d?
2, 181
Suppose -4*x + 86 = 2*g, 3*g - 114 = -0*x - x. List the prime factors of g.
37
Suppose m = 3*z + 94, -4*z + 354 = 5*m - 135. List the prime factors of m.
97
Let r be (-266)/(-10) + (-4)/(-10). Suppose -t - r = 3. What are the prime factors of 1 + (t/(-3))/1?
11
Suppose 3*t - 8*t = 0. Suppose 2*g + 3*r - 65 = t, -99 = -4*g + g - 3*r. What are the prime factors of g?
2, 17
Let o(b) = -b - 1. Let v(c) = 4*c + 5. Let k(m) = 5*o(m) + v(m). Let i be k(7). Let z = i - -13. List the prime factors of z.
2, 3
Let q(f) = f**3 - 6*f**2 + 3*f - 14. Let s be q(6). Let z(u) = 4*u**2 - 1. Let o be z(-1). Suppose -s*b + 4 = -o*b. What are the prime factors of b?
2
Let c(q) be the third derivative of -q**6/120 + 2*q**5/15 + q**4/24 + q**3/6 + 2*q**2. Let m be c(8). What are the prime factors of m - 5 - (-1 + 0)?
5
Let u(i) = i - i + 4*i. List the prime factors of u(3).
2, 3
Suppose o - 5 = -1. Suppose 0 = -o*j + 10 + 6. Suppose 0 = j*p - p - 36. What are the prime factors of p?
2, 3
Suppose 4*f = 7 + 5. Suppose z - f = 2. List the prime factors of z.
5
Suppose o = 1 + 4. Let p = o + -2. Suppose p = 4*n - 17. List the prime factors of n.
5
Let j = 188 + -134. Let v = -31 + j. What are the prime factors of v?
23
Suppose -4*t + 128 = -0*t. Suppose z = 4*w + t, 6*z = 3*z + 4*w + 72. Suppose -6*l = -2*l - 4*h - 8, -5*h = -z. What are the prime factors of l?
2, 3
Let r = -2 - -1. Let l be (r/(-2))/(1/78). Suppose -4*s + 40 = 4*o, 5*s + 5*o = s + l. List the prime factors of s.
11
Suppose 9*d + 178 = 1753. What are the prime factors of d?
5, 7
Let z = 688 - 422. What are the prime factors of z?
2, 7, 19
Let f be (-23)/2 - (-2)/(-4). Let b = f - -22. List the prime factors of b*1 - 14/7.
2
Let z be 4/16 + (-110)/(-8). Let c be (21/z)/((-1)/(-4)). What are the prime factors of ((-20)/c)/((-4)/6)?
5
Let z(x) = 6*x**2 - 3*x + 2. List the prime factors of z(1).
5
Suppose 0 = 3*o + 5*y - 16, 4*o + 4*y = o + 11. Let k be 38/2 + 3/o. Let j = k + -12. What are the prime factors of j?
2, 3
Suppose x - a = -5*a + 20, 0 = -5*x - a + 24. Let u(b) = b + 7*b**2 - 1 - x*b**2 - 5*b**2 + 2*b**3. What are the prime factors of u(2)?
3
Let p = 1 + 15. List the prime factors of p.
2
Let a(n) = n**2 + n + 12. Let y be a(0). Suppose 3*f - y + 0 = 0. Suppose -1 = -f*v - o + 15, 3*o = 4*v - 16. What are the prime factors of v?
2
Suppose -m + l = -5*m + 53, 4*m = -3*l + 47. List the prime factors of m.
2, 7
Let w(r) = r + 1. Let a be w(0). Let l be 1 + 0 + 4 - a. Suppose -l*m = -5*m + 12. List the prime factors of m.
2, 3
Let s be -3 - (-2 + 4 + -8). Let o = 7 - s. List the prime factors of o.
2
List the prime factors of 2/(-7) - ((-552)/21 + 1).
5
Suppose -6*g + 2*g = 0, -2*a - 2*g + 168 = 0. Suppose -a = -4*r - 4*m, -r + 4*m = -4*r + 66. List the prime factors of r.
2, 3
Suppose 0 = r - 20. List the prime factors of r.
2, 5
Suppose 12 = 3*a - 3*g, -a = a - 3*g - 11. Let y(j) = -a + 1 - 2*j - 4. List the prime factors of y(-3).
2
Let f = -29 + 46. What are the prime factors of f?
17
What are the prime factors of (109/2)/(5/10)?
109
Let o(w) = -2*w**3 - 4*w**2 - 4*w. What are the prime factors of o(-3)?
2, 3, 5
List the prime factors of (34/(-5))/((-13)/65).
2, 17
Suppose 3*d - 117 + 0 = 0. Let i(q) = -q**3 - 5*q**2 + 6*q + 2. Let v be i(-6). Suppose -w - v*w = -d. What are the prime factors of w?
13
Suppose 0 = 3*i - 2*y - 563, 0*i + 935 = 5*i - 5*y. What are the prime factors of i?
3, 7
List the prime factors of 13 + (-3 + 0)/3.
2, 3
Let p(u) = 13*u + 3*u**3 - u**2 - u**2 - 4*u**2 - 1 + 0*u**3. Let g(x) = -2*x**3 + 3*x**2 - 7*x. Let m(v) = -5*g(v) - 3*p(v). List the prime factors of m(-4).
3
Let l(m) = -m**3 - 7*m**2 + 4*m - 4. List the prim